 84.
18
What is the remainder when 1095 is divided by 11?
6
What is the remainder when 382 is divided by 24?
22
What is the remainder when 545 is divided by 61?
57
Calculate the remainder when 269 is divided by 146.
123
What is the remainder when 5271 is divided by 9?
6
Calculate the remainder when 2216 is divided by 24.
8
Calculate the remainder when 3715 is divided by 338.
335
What is the remainder when 447 is divided by 99?
51
What is the remainder when 84 is divided by 25?
9
What is the remainder when 126 is divided by 28?
14
What is the remainder when 250 is divided by 17?
12
Calculate the remainder when 3430 is divided by 202.
198
Calculate the remainder when 2237 is divided by 430.
87
What is the remainder when 781 is divided by 389?
3
What is the remainder when 574 is divided by 160?
94
Calculate the remainder when 25 is divided by 8.
1
What is the remainder when 1829 is divided by 902?
25
Calculate the remainder when 2523 is divided by 6.
3
Calculate the remainder when 87 is divided by 47.
40
Calculate the remainder when 135 is divided by 72.
63
What is the remainder when 762 is divided by 109?
108
Calculate the remainder when 373 is divided by 48.
37
Calculate the remainder when 4442 is divided by 6.
2
What is the remainder when 25 is divided by 10?
5
Calculate the remainder when 149 is divided by 141.
8
Calculate the remainder when 1023 is divided by 291.
150
What is the remainder when 1755 is divided by 44?
39
Calculate the remainder when 145 is divided by 136.
9
What is the remainder when 308 is divided by 49?
14
Calculate the remainder when 509 is divided by 73.
71
What is the remainder when 1339 is divided by 14?
9
What is the remainder when 177 is divided by 20?
17
What is the remainder when 74 is divided by 25?
24
What is the remainder when 10716 is divided by 27?
24
What is the remainder when 101 is divided by 39?
23
Calculate the remainder when 6052 is divided by 8.
4
What is the remainder when 68 is divided by 29?
10
Calculate the remainder when 114 is divided by 32.
18
What is the remainder when 238 is divided by 41?
33
Calculate the remainder when 66 is divided by 18.
12
Calculate the remainder when 630 is divided by 69.
9
What is the remainder when 851 is divided by 8?
3
What is the remainder when 98 is divided by 94?
4
What is the remainder when 547 is divided by 28?
15
Calculate the remainder when 94 is divided by 52.
42
Calculate the remainder when 62 is divided by 12.
2
What is the remainder when 3500 is divided by 92?
4
Calculate the remainder when 33 is divided by 20.
13
Calculate the remainder when 87837 is divided by 15.
12
What is the remainder when 127 is divided by 70?
57
What is the remainder when 587 is divided by 17?
9
Calculate the remainder when 742 is divided by 93.
91
Calculate the remainder when 341 is divided by 69.
65
What is the remainder when 242 is divided by 53?
30
What is the remainder when 81 is divided by 17?
13
What is the remainder when 17009 is divided by 15?
14
What is the remainder when 3792 is divided by 14?
12
What is the remainder when 18 is divided by 3?
0
What is the remainder when 100 is divided by 52?
48
Calculate the remainder when 235 is divided by 75.
10
What is the remainder when 167 is divided by 43?
38
Calculate the remainder when 374 is divided by 60.
14
Calculate the remainder when 184 is divided by 59.
7
What is the remainder when 626 is divided by 37?
34
What is the remainder when 356 is divided by 74?
60
Calculate the remainder when 102 is divided by 19.
7
What is the remainder when 665 is divided by 228?
209
What is the remainder when 7490 is divided by 11?
10
Calculate the remainder when 327 is divided by 44.
19
What is the remainder when 412 is divided by 53?
41
Calculate the remainder when 352 is divided by 66.
22
Calculate the remainder when 399 is divided by 67.
64
Calculate the remainder when 226 is divided by 35.
16
Calculate the remainder when 225 is divided by 78.
69
Calculate the remainder when 2559 is divided by 40.
39
Calculate the remainder when 285 is divided by 83.
36
Calculate the remainder when 708 is divided by 100.
8
Calculate the remainder when 1457 is divided by 27.
26
What is the remainder when 2003 is divided by 17?
14
Calculate the remainder when 33 is divided by 17.
16
What is the remainder when 431 is divided by 16?
15
Calculate the remainder when 181 is divided by 62.
57
Calculate the remainder when 608 is divided by 14.
6
What is the remainder when 46 is divided by 12?
10
Calculate the remainder when 139 is divided by 25.
14
Calculate the remainder when 124 is divided by 56.
12
What is the remainder when 84 is divided by 24?
12
What is the remainder when 4307 is divided by 56?
51
Calculate the remainder when 83 is divided by 28.
27
Calculate the remainder when 3269 is divided by 15.
14
What is the remainder when 1391 is divided by 28?
19
Calculate the remainder when 219 is divided by 78.
63
Calculate the remainder when 19 is divided by 6.
1
What is the remainder when 88 is divided by 10?
8
Calculate the remainder when 389 is divided by 18.
11
What is the remainder when 217 is divided by 78?
61
Calculate the remainder when 5517 is divided by 62.
61
What is the remainder when 366 is divided by 9?
6
Calculate the remainder when 117 is divided by 41.
35
What is the remainder when 85 is divided by 48?
37
Calculate the remainder when 80 is divided by 22.
14
Calculate the remainder when 61 is divided by 46.
15
Calculate the remainder when 179 is divided by 21.
11
Calculate the remainder when 387 is divided by 74.
17
Calculate the remainder when 324 is divided by 82.
78
Calculate the remainder when 11797 is divided by 19.
17
What is the remainder when 1088 is divided by 109?
107
Calculate the remainder when 16351 is divided by 73.
72
Calculate the remainder when 789 is divided by 36.
33
What is the remainder when 2106 is divided by 88?
82
What is the remainder when 261 is divided by 38?
33
Calculate the remainder when 5136 is divided by 7.
5
Calculate the remainder when 144 is divided by 21.
18
What is the remainder when 435 is divided by 3?
0
Calculate the remainder when 191 is divided by 48.
47
What is the remainder when 5769 is divided by 251?
247
Calculate the remainder when 82 is divided by 11.
5
What is the remainder when 917 is divided by 20?
17
What is the remainder when 143 is divided by 69?
5
What is the remainder when 150 is divided by 25?
0
Calculate the remainder when 591 is divided by 22.
19
What is the remainder when 486 is divided by 154?
24
What is the remainder when 1638 is divided by 327?
3
What is the remainder when 3178 is divided by 789?
22
Calculate the remainder when 78 is divided by 36.
6
Calculate the remainder when 178 is divided by 26.
22
What is the remainder when 73 is divided by 7?
3
Calculate the remainder when 50 is divided by 45.
5
Calculate the remainder when 127 is divided by 31.
3
What is the remainder when 46 is divided by 23?
0
What is the remainder when 43 is divided by 15?
13
What is the remainder when 466 is divided by 39?
37
What is the remainder when 481 is divided by 27?
22
Calculate the remainder when 557 is divided by 189.
179
What is the remainder when 72 is divided by 33?
6
Calculate the remainder when 1658 is divided by 104.
98
What is the remainder when 21 is divided by 13?
8
What is the remainder when 8817 is divided by 70?
67
What is the remainder when 1943 is divided by 217?
207
What is the remainder when 376 is divided by 122?
10
Calculate the remainder when 36 is divided by 22.
14
What is the remainder when 567 is divided by 57?
54
Calculate the remainder when 1848 is divided by 43.
42
What is the remainder when 109 is divided by 10?
9
Calculate the remainder when 1033 is divided by 1024.
9
Calculate the remainder when 2390 is divided by 42.
38
What is the remainder when 167 is divided by 56?
55
Calculate the remainder when 8315 is divided by 84.
83
Calculate the remainder when 2361 is divided by 12.
9
Calculate the remainder when 3960 is divided by 1316.
12
Calculate the remainder when 2221 is divided by 139.
136
What is the remainder when 3941 is divided by 54?
53
Calculate the remainder when 9256 is divided by 48.
40
What is the remainder when 246 is divided by 14?
8
Calculate the remain